{"id":189215,"date":"2021-12-10T14:21:41","date_gmt":"2021-12-10T13:21:41","guid":{"rendered":"https:\/\/www.atelier-e-six.de\/wordpress\/?post_type=product&#038;p=189215"},"modified":"2022-07-12T21:00:41","modified_gmt":"2022-07-12T19:00:41","slug":"oelbild-30-x-24-cm","status":"publish","type":"product","link":"https:\/\/www.atelier-e-six.de\/wordpress\/produkt\/oelbild-30-x-24-cm\/","title":{"rendered":"\u00d6lbild 30 x 24 cm"},"content":{"rendered":"<p style=\"text-align: center;\">\u00d6lgem\u00e4lde von Elisabeth Six 30 mal 24 cm&nbsp; auf Leinwand Keilrahmen<\/p>\n<p style=\"text-align: center;\"><a href=\"https:\/\/www.atelier-e-six.de\/wordpress\/wp-content\/uploads\/2021\/03\/IMG_20211210_140945-scaled.jpg\"><img loading=\"lazy\" decoding=\"async\" class=\"aligncenter size-large wp-image-189214\" src=\"https:\/\/www.atelier-e-six.de\/wordpress\/wp-content\/uploads\/2021\/03\/IMG_20211210_140945-814x1024.jpg\" alt=\"\" width=\"780\" height=\"981\" srcset=\"https:\/\/www.atelier-e-six.de\/wordpress\/wp-content\/uploads\/2021\/03\/IMG_20211210_140945-814x1024.jpg 814w, https:\/\/www.atelier-e-six.de\/wordpress\/wp-content\/uploads\/2021\/03\/IMG_20211210_140945-238x300.jpg 238w, https:\/\/www.atelier-e-six.de\/wordpress\/wp-content\/uploads\/2021\/03\/IMG_20211210_140945-768x966.jpg 768w, https:\/\/www.atelier-e-six.de\/wordpress\/wp-content\/uploads\/2021\/03\/IMG_20211210_140945-1221x1536.jpg 1221w, https:\/\/www.atelier-e-six.de\/wordpress\/wp-content\/uploads\/2021\/03\/IMG_20211210_140945-1628x2048.jpg 1628w, https:\/\/www.atelier-e-six.de\/wordpress\/wp-content\/uploads\/2021\/03\/IMG_20211210_140945-600x755.jpg 600w, https:\/\/www.atelier-e-six.de\/wordpress\/wp-content\/uploads\/2021\/03\/IMG_20211210_140945-scaled.jpg 2035w\" sizes=\"auto, (max-width: 780px) 100vw, 780px\" \/><\/a><\/p>\n<p style=\"text-align: center;\">&nbsp;<\/p>\n<p dir=\"ltr\" style=\"text-align: center;\"><a href=\"https:\/\/www.atelier-e-six.de\/wordpress\/wp-content\/uploads\/2021\/03\/IMG_20211210_140805-scaled.jpg\"><img loading=\"lazy\" decoding=\"async\" class=\"aligncenter size-large wp-image-189212\" src=\"https:\/\/www.atelier-e-six.de\/wordpress\/wp-content\/uploads\/2021\/03\/IMG_20211210_140805-768x1024.jpg\" alt=\"\" width=\"768\" height=\"1024\" srcset=\"https:\/\/www.atelier-e-six.de\/wordpress\/wp-content\/uploads\/2021\/03\/IMG_20211210_140805-768x1024.jpg 768w, https:\/\/www.atelier-e-six.de\/wordpress\/wp-content\/uploads\/2021\/03\/IMG_20211210_140805-225x300.jpg 225w, https:\/\/www.atelier-e-six.de\/wordpress\/wp-content\/uploads\/2021\/03\/IMG_20211210_140805-1152x1536.jpg 1152w, https:\/\/www.atelier-e-six.de\/wordpress\/wp-content\/uploads\/2021\/03\/IMG_20211210_140805-1536x2048.jpg 1536w, https:\/\/www.atelier-e-six.de\/wordpress\/wp-content\/uploads\/2021\/03\/IMG_20211210_140805-600x800.jpg 600w, https:\/\/www.atelier-e-six.de\/wordpress\/wp-content\/uploads\/2021\/03\/IMG_20211210_140805-scaled.jpg 1920w\" sizes=\"auto, (max-width: 768px) 100vw, 768px\" \/><\/a><\/p>\n<p><a href=\"https:\/\/www.atelier-e-six.de\/wordpress\/wp-content\/uploads\/2021\/03\/IMG_20211210_140923-scaled.jpg\"><img loading=\"lazy\" decoding=\"async\" class=\"size-large wp-image-189213\" src=\"https:\/\/www.atelier-e-six.de\/wordpress\/wp-content\/uploads\/2021\/03\/IMG_20211210_140923-828x1024.jpg\" alt=\"\" width=\"780\" height=\"965\" srcset=\"https:\/\/www.atelier-e-six.de\/wordpress\/wp-content\/uploads\/2021\/03\/IMG_20211210_140923-828x1024.jpg 828w, https:\/\/www.atelier-e-six.de\/wordpress\/wp-content\/uploads\/2021\/03\/IMG_20211210_140923-242x300.jpg 242w, https:\/\/www.atelier-e-six.de\/wordpress\/wp-content\/uploads\/2021\/03\/IMG_20211210_140923-768x950.jpg 768w, https:\/\/www.atelier-e-six.de\/wordpress\/wp-content\/uploads\/2021\/03\/IMG_20211210_140923-1241x1536.jpg 1241w, https:\/\/www.atelier-e-six.de\/wordpress\/wp-content\/uploads\/2021\/03\/IMG_20211210_140923-1655x2048.jpg 1655w, https:\/\/www.atelier-e-six.de\/wordpress\/wp-content\/uploads\/2021\/03\/IMG_20211210_140923-600x742.jpg 600w\" sizes=\"auto, (max-width: 780px) 100vw, 780px\" \/><\/a><\/p>\n<p dir=\"ltr\" style=\"text-align: center;\">Das Gem\u00e4lde wurde von mir auf Leinwand Keilrahmen handgefertigt in meinem Atelier.<\/p>\n<p dir=\"ltr\" style=\"text-align: center;\">R\u00fcckseitig mit Signatur, vollem Namen, Websitevermerk, Copyright-Hinweis und Entstehungsjahr versehen. Vorderseitige Signatur auf Wunsch.<\/p>\n<p dir=\"ltr\" style=\"text-align: center;\">Sie erhalten das abgebildete Originalgem\u00e4lde mit auf Wunsch zus\u00e4tzlich unmittelbar&nbsp; vor dem Versand angebrachter vorderseitiger Signatur.<\/p>\n<p dir=\"ltr\" style=\"text-align: center;\">Jedes Gem\u00e4lde wird vor dem Versand mit frischem Abschlussfirnis versehen. Glanzfirnis.<\/p>\n<p dir=\"ltr\" style=\"text-align: center;\">Die Gem\u00e4lde werden&nbsp; weiterhin oder zuk\u00fcnftig auf meiner Website www.atelier-e-six.de und www.elisabethsix.de ver\u00f6ffentlicht bleiben.<\/p>\n<p dir=\"ltr\" style=\"text-align: center;\">COPYRIGHT E.SIX<\/p>\n<p style=\"text-align: center;\">&nbsp;<\/p>\n","protected":false},"excerpt":{"rendered":"<p dir=\"ltr\">\u00d6lgem\u00e4lde von Elisabeth Six 20 mal 20 cm&nbsp; auf Leinwand Keilrahmen<\/p>\n<p dir=\"ltr\">Das Gem\u00e4lde wurde von mir auf Leinwand Keilrahmen handgefertigt in meinem Atelier.<\/p>\n<p dir=\"ltr\">R\u00fcckseitig mit Signatur, vollem Namen, Websitevermerk, Copyright-Hinweis und Entstehungsjahr versehen. Vorderseitige Signatur auf Wunsch.<\/p>\n<p dir=\"ltr\">Sie erhalten das abgebildete Originalgem\u00e4lde mit auf Wunsch zus\u00e4tzlich unmittelbar&nbsp; vor dem Versand angebrachter vorderseitiger Signatur.<\/p>\n<p dir=\"ltr\">Jedes Gem\u00e4lde wird vor dem Versand mit frischem Abschlussfirnis versehen. Sandbilder erhalten einen Mattfirnis, \u00d6lgem\u00e4lde und Acrylbilder einen Glanzfirnis.<\/p>\n<p dir=\"ltr\">Die Gem\u00e4lde werden&nbsp; weiterhin oder zuk\u00fcnftig auf meiner Website www.atelier-e-six.de und www.elisabethsix.de ver\u00f6ffentlicht bleiben.<\/p>\n<p dir=\"ltr\">&nbsp;<\/p>\n","protected":false},"featured_media":189214,"comment_status":"closed","ping_status":"closed","template":"","meta":{"ngg_post_thumbnail":0},"product_cat":[82,47,9,7],"product_tag":[],"class_list":["post-189215","product","type-product","status-publish","has-post-thumbnail","hentry","product_cat-201-e-500-e","product_cat-30-x-24-cm","product_cat-miniaturen","product_cat-oelgemaelde"],"_links":{"self":[{"href":"https:\/\/www.atelier-e-six.de\/wordpress\/wp-json\/wp\/v2\/product\/189215","targetHints":{"allow":["GET"]}}],"collection":[{"href":"https:\/\/www.atelier-e-six.de\/wordpress\/wp-json\/wp\/v2\/product"}],"about":[{"href":"https:\/\/www.atelier-e-six.de\/wordpress\/wp-json\/wp\/v2\/types\/product"}],"replies":[{"embeddable":true,"href":"https:\/\/www.atelier-e-six.de\/wordpress\/wp-json\/wp\/v2\/comments?post=189215"}],"wp:featuredmedia":[{"embeddable":true,"href":"https:\/\/www.atelier-e-six.de\/wordpress\/wp-json\/wp\/v2\/media\/189214"}],"wp:attachment":[{"href":"https:\/\/www.atelier-e-six.de\/wordpress\/wp-json\/wp\/v2\/media?parent=189215"}],"wp:term":[{"taxonomy":"product_cat","embeddable":true,"href":"https:\/\/www.atelier-e-six.de\/wordpress\/wp-json\/wp\/v2\/product_cat?post=189215"},{"taxonomy":"product_tag","embeddable":true,"href":"https:\/\/www.atelier-e-six.de\/wordpress\/wp-json\/wp\/v2\/product_tag?post=189215"}],"curies":[{"name":"wp","href":"https:\/\/api.w.org\/{rel}","templated":true}]}}