{"id":691,"date":"2017-10-29T16:49:48","date_gmt":"2017-10-29T15:49:48","guid":{"rendered":"https:\/\/www.atelier-e-six.de\/wordpress\/?post_type=product&#038;p=691"},"modified":"2018-04-26T14:36:40","modified_gmt":"2018-04-26T12:36:40","slug":"oelbild-30-x-24-cm-6","status":"publish","type":"product","link":"https:\/\/www.atelier-e-six.de\/wordpress\/produkt\/oelbild-30-x-24-cm-6\/","title":{"rendered":"\u00d6lbild 30 x 24 cm"},"content":{"rendered":"<p dir=\"ltr\" style=\"text-align: center;\">\u2713 \u00d6lgem\u00e4lde von Elisabeth Six 30 mal 24 cm&nbsp; auf Leinwand Keilrahmen<\/p>\n<p dir=\"ltr\"><a href=\"https:\/\/www.atelier-e-six.de\/wordpress\/wp-content\/uploads\/2017\/10\/affectedconvolutions-1.jpg\" target=\"_blank\" rel=\"noopener\"><img loading=\"lazy\" decoding=\"async\" class=\"aligncenter wp-image-692 size-full\" src=\"https:\/\/www.atelier-e-six.de\/wordpress\/wp-content\/uploads\/2017\/10\/affectedconvolutions-1.jpg\" alt=\"\" width=\"689\" height=\"540\" srcset=\"https:\/\/www.atelier-e-six.de\/wordpress\/wp-content\/uploads\/2017\/10\/affectedconvolutions-1.jpg 689w, https:\/\/www.atelier-e-six.de\/wordpress\/wp-content\/uploads\/2017\/10\/affectedconvolutions-1-600x470.jpg 600w, https:\/\/www.atelier-e-six.de\/wordpress\/wp-content\/uploads\/2017\/10\/affectedconvolutions-1-300x235.jpg 300w\" sizes=\"auto, (max-width: 689px) 100vw, 689px\" \/><\/a><\/p>\n<p dir=\"ltr\">&nbsp;<\/p>\n<p dir=\"ltr\" style=\"text-align: center;\">unverk\u00e4uflich<\/p>\n<p dir=\"ltr\" style=\"text-align: center;\">COPYRIGHT E.SIX<\/p>\n","protected":false},"excerpt":{"rendered":"<p>\u2713 \u00d6lgem\u00e4lde von Elisabeth Six 30 mal 24 cm&nbsp; auf Leinwand Keilrahmen &nbsp; unverk\u00e4uflich COPYRIGHT E.SIX<\/p>\n","protected":false},"featured_media":692,"comment_status":"closed","ping_status":"closed","template":"","meta":{"ngg_post_thumbnail":0},"product_cat":[47,9,7],"product_tag":[79,104,76],"class_list":["post-691","product","type-product","status-publish","has-post-thumbnail","hentry","product_cat-30-x-24-cm","product_cat-miniaturen","product_cat-oelgemaelde","product_tag-abstract-art","product_tag-abstract-painting","product_tag-elisabeth-six"],"_links":{"self":[{"href":"https:\/\/www.atelier-e-six.de\/wordpress\/wp-json\/wp\/v2\/product\/691","targetHints":{"allow":["GET"]}}],"collection":[{"href":"https:\/\/www.atelier-e-six.de\/wordpress\/wp-json\/wp\/v2\/product"}],"about":[{"href":"https:\/\/www.atelier-e-six.de\/wordpress\/wp-json\/wp\/v2\/types\/product"}],"replies":[{"embeddable":true,"href":"https:\/\/www.atelier-e-six.de\/wordpress\/wp-json\/wp\/v2\/comments?post=691"}],"wp:featuredmedia":[{"embeddable":true,"href":"https:\/\/www.atelier-e-six.de\/wordpress\/wp-json\/wp\/v2\/media\/692"}],"wp:attachment":[{"href":"https:\/\/www.atelier-e-six.de\/wordpress\/wp-json\/wp\/v2\/media?parent=691"}],"wp:term":[{"taxonomy":"product_cat","embeddable":true,"href":"https:\/\/www.atelier-e-six.de\/wordpress\/wp-json\/wp\/v2\/product_cat?post=691"},{"taxonomy":"product_tag","embeddable":true,"href":"https:\/\/www.atelier-e-six.de\/wordpress\/wp-json\/wp\/v2\/product_tag?post=691"}],"curies":[{"name":"wp","href":"https:\/\/api.w.org\/{rel}","templated":true}]}}